[INFO] fetching crate wsbroad 0.1.0...
[INFO] checking wsbroad-0.1.0 against master#af3c6e733a40e671550e0f0f5aeecaa13772ba56 for pr-74989
[INFO] extracting crate wsbroad 0.1.0 into /workspace/builds/worker-0/source
[INFO] validating manifest of crates.io crate wsbroad 0.1.0 on toolchain af3c6e733a40e671550e0f0f5aeecaa13772ba56
[INFO] running `Command { std: "/workspace/cargo-home/bin/cargo" "+af3c6e733a40e671550e0f0f5aeecaa13772ba56" "read-manifest" "--manifest-path" "Cargo.toml", kill_on_drop: false }`
[INFO] started tweaking crates.io crate wsbroad 0.1.0
[INFO] finished tweaking crates.io crate wsbroad 0.1.0
[INFO] tweaked toml for crates.io crate wsbroad 0.1.0 written to /workspace/builds/worker-0/source/Cargo.toml
[INFO] running `Command { std: "/workspace/cargo-home/bin/cargo" "+af3c6e733a40e671550e0f0f5aeecaa13772ba56" "generate-lockfile" "--manifest-path" "Cargo.toml" "-Zno-index-update", kill_on_drop: false }`
[INFO] [stderr]     Blocking waiting for file lock on package cache
[INFO] running `Command { std: "/workspace/cargo-home/bin/cargo" "+af3c6e733a40e671550e0f0f5aeecaa13772ba56" "fetch" "--locked" "--manifest-path" "Cargo.toml", kill_on_drop: false }`
[INFO] [stderr]     Blocking waiting for file lock on package cache
[INFO] running `Command { std: "docker" "create" "-v" "/var/lib/crater-agent-workspace/builds/worker-0/target:/opt/rustwide/target:rw,Z" "-v" "/var/lib/crater-agent-workspace/builds/worker-0/source:/opt/rustwide/workdir:ro,Z" "-v" "/var/lib/crater-agent-workspace/cargo-home:/opt/rustwide/cargo-home:ro,Z" "-v" "/var/lib/crater-agent-workspace/rustup-home:/opt/rustwide/rustup-home:ro,Z" "-e" "SOURCE_DIR=/opt/rustwide/workdir" "-e" "CARGO_TARGET_DIR=/opt/rustwide/target" "-e" "CARGO_HOME=/opt/rustwide/cargo-home" "-e" "RUSTUP_HOME=/opt/rustwide/rustup-home" "-w" "/opt/rustwide/workdir" "-m" "1610612736" "--user" "0:0" "--network" "none" "rustops/crates-build-env@sha256:d92eaeed33fa75130ca1ee6c8a01d1ffb62bac859dfdfb3450e3e5d1c0146529" "/opt/rustwide/cargo-home/bin/cargo" "+af3c6e733a40e671550e0f0f5aeecaa13772ba56" "metadata" "--no-deps" "--format-version=1", kill_on_drop: false }`
[INFO] [stdout] 9f223c8c6614e00d5ea542882305ca8ed1e40b947ef7c93b90b6257db01e6716
[INFO] [stderr] WARNING: Your kernel does not support swap limit capabilities or the cgroup is not mounted. Memory limited without swap.
[INFO] running `Command { std: "docker" "start" "-a" "9f223c8c6614e00d5ea542882305ca8ed1e40b947ef7c93b90b6257db01e6716", kill_on_drop: false }`
[INFO] running `Command { std: "docker" "inspect" "9f223c8c6614e00d5ea542882305ca8ed1e40b947ef7c93b90b6257db01e6716", kill_on_drop: false }`
[INFO] running `Command { std: "docker" "rm" "-f" "9f223c8c6614e00d5ea542882305ca8ed1e40b947ef7c93b90b6257db01e6716", kill_on_drop: false }`
[INFO] [stdout] 9f223c8c6614e00d5ea542882305ca8ed1e40b947ef7c93b90b6257db01e6716
[INFO] running `Command { std: "docker" "create" "-v" "/var/lib/crater-agent-workspace/builds/worker-0/target:/opt/rustwide/target:rw,Z" "-v" "/var/lib/crater-agent-workspace/builds/worker-0/source:/opt/rustwide/workdir:ro,Z" "-v" "/var/lib/crater-agent-workspace/cargo-home:/opt/rustwide/cargo-home:ro,Z" "-v" "/var/lib/crater-agent-workspace/rustup-home:/opt/rustwide/rustup-home:ro,Z" "-e" "SOURCE_DIR=/opt/rustwide/workdir" "-e" "CARGO_TARGET_DIR=/opt/rustwide/target" "-e" "CARGO_INCREMENTAL=0" "-e" "RUST_BACKTRACE=full" "-e" "RUSTFLAGS=--cap-lints=forbid" "-e" "CARGO_HOME=/opt/rustwide/cargo-home" "-e" "RUSTUP_HOME=/opt/rustwide/rustup-home" "-w" "/opt/rustwide/workdir" "-m" "1610612736" "--user" "0:0" "--network" "none" "rustops/crates-build-env@sha256:d92eaeed33fa75130ca1ee6c8a01d1ffb62bac859dfdfb3450e3e5d1c0146529" "/opt/rustwide/cargo-home/bin/cargo" "+af3c6e733a40e671550e0f0f5aeecaa13772ba56" "check" "--frozen" "--all" "--all-targets" "--message-format=json", kill_on_drop: false }`
[INFO] [stdout] eb478f9b5d04989576da782c21919dcc3a82e2d313fd7205513dc4b21798a40b
[INFO] [stderr] WARNING: Your kernel does not support swap limit capabilities or the cgroup is not mounted. Memory limited without swap.
[INFO] running `Command { std: "docker" "start" "-a" "eb478f9b5d04989576da782c21919dcc3a82e2d313fd7205513dc4b21798a40b", kill_on_drop: false }`
[INFO] [stderr]     Checking scopeguard v1.1.0
[INFO] [stderr]     Checking fnv v1.0.7
[INFO] [stderr]    Compiling proc-macro2 v0.4.30
[INFO] [stderr]    Compiling unicode-xid v0.1.0
[INFO] [stderr]     Checking safemem v0.3.3
[INFO] [stderr]     Checking typeable v0.1.2
[INFO] [stderr]     Checking safemem v0.2.0
[INFO] [stderr]     Checking scoped-tls v0.1.2
[INFO] [stderr]     Checking traitobject v0.1.0
[INFO] [stderr]     Checking language-tags v0.2.2
[INFO] [stderr]     Checking bitflags v0.9.1
[INFO] [stderr]     Checking futures-await-await-macro v0.1.1
[INFO] [stderr]     Checking sha1 v0.2.0
[INFO] [stderr]     Checking compactmap v0.3.7
[INFO] [stderr]    Compiling crossbeam-utils v0.7.2
[INFO] [stderr]    Compiling memoffset v0.5.5
[INFO] [stderr]    Compiling crossbeam-epoch v0.8.2
[INFO] [stderr]    Compiling unicase v1.4.2
[INFO] [stderr]     Checking log v0.4.11
[INFO] [stderr]     Checking tokio-sync v0.1.8
[INFO] [stderr]     Checking num_cpus v1.13.0
[INFO] [stderr]     Checking base64 v0.6.0
[INFO] [stderr]     Checking lock_api v0.3.4
[INFO] [stderr]     Checking base64 v0.9.3
[INFO] [stderr]     Checking parking_lot_core v0.6.2
[INFO] [stderr]     Checking tokio-io v0.1.13
[INFO] [stderr]     Checking mio v0.6.22
[INFO] [stderr]     Checking log v0.3.9
[INFO] [stderr]     Checking parking_lot v0.9.0
[INFO] [stderr]     Checking mime v0.2.6
[INFO] [stderr]     Checking hyper v0.10.16
[INFO] [stderr]     Checking tokio-executor v0.1.10
[INFO] [stderr]     Checking crossbeam-queue v0.2.3
[INFO] [stderr]     Checking tokio-codec v0.1.2
[INFO] [stderr]    Compiling quote v0.6.13
[INFO] [stderr]     Checking tokio-current-thread v0.1.7
[INFO] [stderr]     Checking tokio-timer v0.2.13
[INFO] [stderr]    Compiling syn v0.14.9
[INFO] [stderr]     Checking crossbeam-deque v0.7.3
[INFO] [stderr]     Checking tokio-reactor v0.1.12
[INFO] [stderr]     Checking mio-uds v0.6.8
[INFO] [stderr]     Checking tokio-threadpool v0.1.18
[INFO] [stderr]     Checking tokio-tcp v0.1.4
[INFO] [stderr]     Checking tokio-uds v0.2.7
[INFO] [stderr]     Checking tokio-udp v0.1.6
[INFO] [stderr]     Checking tokio-fs v0.1.7
[INFO] [stderr]     Checking tokio v0.1.22
[INFO] [stderr]     Checking tokio-core v0.1.17
[INFO] [stderr]     Checking websocket v0.20.4
[INFO] [stderr]    Compiling futures-await-async-macro v0.1.4
[INFO] [stderr]     Checking futures-await v0.1.1
[INFO] [stdout] error[E0557]: feature has been removed
[INFO] [stdout]   --> /opt/rustwide/cargo-home/registry/src/github.com-1ecc6299db9ec823/futures-await-0.1.1/src/lib.rs:17:12
[INFO] [stdout]    |
[INFO] [stdout] 17 | #![feature(on_unimplemented)]
[INFO] [stdout]    |            ^^^^^^^^^^^^^^^^ feature has been removed
[INFO] [stdout] 
[INFO] [stdout] 
[INFO] [stdout] error[E0658]: this is an internal attribute that will never be stable
[INFO] [stdout]   --> /opt/rustwide/cargo-home/registry/src/github.com-1ecc6299db9ec823/futures-await-0.1.1/src/lib.rs:64:5
[INFO] [stdout]    |
[INFO] [stdout] 64 | /     #[rustc_on_unimplemented = "async functions must return a `Result` or \
[INFO] [stdout] 65 | |                                 a typedef of `Result`"]
[INFO] [stdout]    | |_______________________________________________________^
[INFO] [stdout]    |
[INFO] [stdout]    = help: add `#![feature(rustc_attrs)]` to the crate attributes to enable
[INFO] [stdout] 
[INFO] [stdout] 
[INFO] [stdout] error[E0599]: no method named `resume` found for type parameter `T` in the current scope
[INFO] [stdout]    --> /opt/rustwide/cargo-home/registry/src/github.com-1ecc6299db9ec823/futures-await-0.1.1/src/lib.rs:120:35
[INFO] [stdout]     |
[INFO] [stdout] 120 |             match unsafe { self.0.resume() } {
[INFO] [stdout]     |                                   ^^^^^^ method not found in `T`
[INFO] [stdout] 
[INFO] [stdout] 
[INFO] [stdout] error[E0599]: no method named `resume` found for type parameter `T` in the current scope
[INFO] [stdout]    --> /opt/rustwide/cargo-home/registry/src/github.com-1ecc6299db9ec823/futures-await-0.1.1/src/lib.rs:140:37
[INFO] [stdout]     |
[INFO] [stdout] 140 |             match unsafe { self.gen.resume() } {
[INFO] [stdout]     |                                     ^^^^^^ method not found in `T`
[INFO] [stdout] 
[INFO] [stdout] 
[INFO] [stdout] error: aborting due to 4 previous errors
[INFO] [stdout] 
[INFO] [stdout] 
[INFO] [stdout] Some errors have detailed explanations: E0557, E0599, E0658.
[INFO] [stdout] 
[INFO] [stdout] For more information about an error, try `rustc --explain E0557`.
[INFO] [stdout] 
[INFO] [stderr] error: could not compile `futures-await`.
[INFO] [stderr] 
[INFO] [stderr] To learn more, run the command again with --verbose.
[INFO] running `Command { std: "docker" "inspect" "eb478f9b5d04989576da782c21919dcc3a82e2d313fd7205513dc4b21798a40b", kill_on_drop: false }`
[INFO] running `Command { std: "docker" "rm" "-f" "eb478f9b5d04989576da782c21919dcc3a82e2d313fd7205513dc4b21798a40b", kill_on_drop: false }`
[INFO] [stdout] eb478f9b5d04989576da782c21919dcc3a82e2d313fd7205513dc4b21798a40b
